- -8)) + 7 - -9
-19
What is (-2 - -5) + (18 - (12 + 23 - 24))?
10
Calculate (-6 - -11 - 6) + 2.
1
Calculate (-125 - -36 - -48) + (5 - 0).
-36
What is 2 + 11 + (23 - (30 + -15))?
21
Calculate -12 + (12 - (9 - 3) - 0).
-6
Evaluate (32 - 15) + (-9 - 15).
-7
Calculate 1 + 25 + -9 + -15.
2
Evaluate 2 + 12 - (3 - 3).
14
Calculate (-11 - (16 + -40 + 9)) + 16.
20
Evaluate -5 + (6 - (0 - -15)) + 11 + -5.
-8
What is (-4 - -1) + 11 + (19 - (14 - -36))?
-23
What is the value of (1 - -2) + (7 - -3 - 7)?
6
What is 1 - (9 - (-7 - (15 - 13)))?
-17
What is the value of 0 + -8 - (16 + (-11 - (-10 - -11)))?
-12
-6 - (-2 - (-6 + 0 + 7 + 0))
-3
-20 + 6 + (0 - (11 + -8))
-17
Evaluate 46 - (-9 + (8 - -31)).
16
Calculate 11 + (4 - 5) + -6 + 27 + -25.
6
What is 3 + (-2 - 4) - (-33 - -32)?
-2
What is the value of 99 + -91 + 1 + -23?
-14
Evaluate 20 - (-7 + 4 + (-3 + 13 - 0)).
13
What is the value of -37 + (-87 + 43 - -43)?
-38
Calculate (-13 - -9) + 11 - -5 - 34.
-22
(4 - -3) + -7 + -14 + 9 - -8
3
What is the value of -993 + 988 - (5 - (-1 - -2))?
-9
What is the value of 29 + (0 - (12 + (-3 - -2))) - -3?
21
11 + (-6 - -12) + -2
15
Evaluate -20 + 9 + -3 + 8 - (-2 + -3).
-1
4 + (21 - 14 - 9)
2
Calculate 11 + 1 - (-38 + (13 - -19)).
18
Evaluate 6 + -5 + 3 + 31 + -23.
12
Calculate -13 + -35 + 43 + 30.
25
What is the value of -8 + (-5 + 2 - (-3 - 19))?
11
What is 6 - (-1 + 6) - (16 + -9)?
-6
Evaluate (1 + 15 - -7) + (-2 - 6).
15
What is 30 + 8 + -6 + 4 + -13?
23
Calculate -2 - (-10 + -7) - 9.
6
What is the value of -2 + 6 + 1 + -18?
-13
What is (21 - 82) + 38 + -3?
-26
Evaluate -9 + 21 + -7 - -5 - -5.
15
Evaluate 20 + (-1 - -1) + -16.
4
Calculate -27 + 34 + -21 - (-38 + 1).
23
Evaluate -12 + 7 + -10 - (0 + 0).
-15
Calculate 1 + -11 + 27 + -7.
10
Calculate (-1 - -14) + -17 + (-3 - 2).
-9
(-2 + 30 - 15) + 1 + 2
16
Evaluate -143 + 152 - ((2 - -1 - 2) + -11).
19
What is 19 - (-10 + 14 + -5 - -12) - -14?
22
Calculate 31 + (-8 - -14) - 17 - (-5 + -2).
27
5 + (17 - 5) - (37 + 0)
-20
Evaluate 2 + -7 - (4 + (-5 - 2)).
-2
What is the value of -21 + 9 - (8 + 2 - 2)?
-20
Evaluate 20 + -45 + 9 + 28.
12
Calculate -3 + (11 - 11) + (38 - 2).
33
What is the value of -2 + (-11 - -8) + 8 + (-10 - -4)?
-3
Calculate (7 - 8 - (-7 - -5 - 5)) + -2.
4
Calculate (2 - 3 - 3) + 47 + -42 - -5.
6
What is the value of -1 - 2 - ((-45 - -38) + 16 + -1)?
-11
Evaluate 1 + -15 - (-13 + (-10 - -8) + 19).
-18
Calculate -32 + (23 - 44) + 45.
-8
What is the value of (36 - 47 - (-3 - -9)) + 6?
-11
Calculate -11 + (37 + -12 - -7).
21
-9 - (5 + (-32 - (-13 - -3)))
8
What is the value of 3 + -17 - (48 + -70)?
8
What is 11 - ((47 - 16) + -6)?
-14
Evaluate 2 + -4 + (1 - 3).
-4
Evaluate 1 + -22 + (-1157 - -1204).
26
4 - (1 - (1 - 0)) - (14 - 10)
0
What is the value of -4 - ((1 - -4) + -2 + -4)?
-3
(3 - 8) + (12 - 0 - -2)
9
0 - ((-4 - -16) + (-36 - -26)) - -10
8
(-15 - (-8 + 2)) + -1
-10
(-2 + 12 - (6 + -2)) + -2
4
What is 5 - ((-8 - (7 - 6)) + 17)?
-3
Evaluate 8 + -9 + (-3 + 0 - (-4 - -11)).
-11
Calculate -31 - (-7 + 8 + -17).
-15
What is the value of (2 - 6) + (175 - 162)?
9
What is the value of -83 - -77 - (-7 - -1) - -2?
2
Calculate 2 + 5 - (3 - (2 - -5) - 2).
13
What is 76 + -87 - (5 + -4)?
-12
What is (-6 + 10 - -4) + 6 + -3 + 8?
19
What is the value of 42 - (22 + (-27 + 17 - -3))?
27
What is 16 - 3 - (-6 + (-2 - (-6 - 1)))?
14
What is the value of 0 + 0 + -2 + (164 - 167)?
-5
What is the value of 21 + (-3 - -1) - (-47 - -56)?
10
What is the value of -11 + 0 - (127 + -141) - -12?
15
Evaluate -16 + (5 + -3 - -5) - -2.
-7
What is 24 - ((-6 - 7) + 42)?
-5
Evaluate -18 + 9 - 26 - -13.
-22
Evaluate 227 + -229 - (-4 + 0).
2
What is -6 - 0 - (-12 + -7 + (21 - 18))?
10
What is the value of (25 - 0) + -2 + 0 + 0?
23
Evaluate 13 + 35 + -54 + -23.
-29
Calculate 3 + (-3 + -19 - -2) - -4.
-13
-2 + (7 - (0 - -10)) - -15
10
Calculate -15 + -3 + (13 - 4).
-9
-5 - 4 - -6 - (-9 + 6) - -10
10
Evaluate 27 + (-3 - (4 - (-4 + 3 + 3))).
22
What is (135 + -128 - (1 + 6)) + -11?
-11
Calculate -2 + -37 + 14 + 33.
8
What is 6 - (19 - -1) - -12?
-2
6 - ((-4 - -2 - 5) + (-5 - -9))
9
(-6 + 2 - -35) + 9 + -2 + -9
29
Evaluate -22 - (4 - 13 - 2 - -10).
-21
Calculate (15 + -28 - 35) + 29.
-19
6 - (14 - (0 + 16))
8
Evaluate 7 + -13 - (-6 - (-7 - -1)) - 27.
-33
-8 + 0 + (0 - -12)
4
(6 - 14) + 3 + 1 + -5
-9
What is the value of -19 + 7 - (-25 + 1) - 26?
-14
Calculate 12 + (0 + -8 - (24 + -40)).
20
What is the value of -13 - ((22 - 23) + 8)?
-20
What is (2 - 0) + (-9 - -11 - 5) + 7?
6
(7 - (2 - 1)) + -29 + 40 + -11
6
What is 7 + -4 - -3 - -2?
8
Evaluate 0 - -6 - ((1 + -5 - -12) + 0).
-2
Calculate (0 - -11) + 0 - (-18 + 8 + 14).
7
Calculate -4 + 2 - ((-16 - -3) + -15 + 19).
7
What is the value of (20 - (17 - 6)) + (-2 - 10)?
-3
What is the value of -1 + 14 + (16 - 17 - 3)?
9
Calculate (19 - -4) + (-27 + 21 - -18).
35
Calculate -20 + (-21 + 3 + -4 - (-22 - -10)).
-30
Evaluate 35 + -83 + 79 + 1 + -9.
23
15 + (4 - 10) + -4 + -1 - -7
11
Calculate 70 + -41 + 19 + -11.
37
What is the value of -13 + 5 - (7 + 2 + -4)?
-13
Calculate 16 - -3 - (26 + -5 + -26).
24
Evaluate -18 + (2 - (-5 + 2) - 1).
-14
Calculate -8 + (-6 - (-5 + 3) - -13).
1
0 + -3 + 19 + -29 + 5
-8
What is 31 + -31 + 12 + 6?
18
What is the value of (11 + -6 - -6) + 4 - -10?
25
Evaluate 2 - 3 - -1 - (-2 - (15 - 3)).
14
What is the value of -38 + 20 + 34 - 2?
14
Calculate 0 + 4 - (22 - 23).
5
What is the value of 10 - (-5 - (4 + -18))?
1
Calculate 5 + 4 + -5 + -4 - -4.
4
What is the value of 577 + -611 + 1 + 9?
-24
35 + -5 + -2 + (-12 + 6 - 0)
22
What is -5 - ((6 + -8 - 15) + 14)?
-2
What is the value of -10 + (7 + 4 + -3 - (-46 + 51))?
-7
What is the value of 1 + -9 - (-17 + -7 + 22) - 22?
-28
What is (-1 - -36) + -1445 + 1414?
4
Calculate 25 + -6 + -22 - (1 - -13).
-17
Evaluate (2 - 5 - (2 - 3)) + (78 - 80).
-4
What is (-2 - -7) + 0 - (-7 + 1 + 9)?
2
What is -22 + (24 - 1) + (0 - 1)?
0
Calculate (-12 - 8) + (-10 + 9 - 5).
-26
Evaluate 13 - (0 - -11) - (7 - -1).
-6
Evaluate (6 - 25) + -6 - (81 + -77).
-29
What is (7 + (14 - 10) - 8) + -11?
-8
Evaluate (1 - (14 - (10 + -2))) + (1 - 3).
-7
What is the value of 12 - (1 - (6 - 16)) - -10?
11
What is -6 - (7 + -19 + 6) - (-10 - 2)?
12
What is the value of -7 + 7 + (-6 - (6 - 19))?
7
(5 + (2 - 1) - (222 - 231)) + -2
13
-1 + 4 + -13 + 4 + -4
-10
What is -1 + (4 - 10) - (-43 + 46)?
-10
Calculate 13 + -11 - -9 - (-23 - -17).
17
Calculate -4 + (8 - (6 + -7)) - 4 - 12.
-11
2 - ((1 - -7) + -1 - (-325 + 331))
1
7 - (-4 + 3 + 1) - -1
8
Evaluate -3 + 1 + 14 + 586 + -606.
-8
What is the value of 2 + 38 - (-124 + 175)?
-11
What is the value of 2 + 23 + 32 + -44 - 5?
8
Evaluate -38 + 4 + 1 + -11 + (8 - -6).
-30
What is the value of 1 + -7 - (2 + 1 - (-181 + 186))?
-4
What is the value of (15 - 27 - (-12 - -7)) + -4?
-11
Calculate -3 + 4 + -1 + -17 + (-5 - -5).
-17
36 + -47 - -13 - (2 + (2 - -18))
-20
Calculate (-8 - 0) + (-19 - -6 - -16).
-5
Calculate -14 - (3 - (-4 + 7)) - (-23 + 30).
-21
What is the value of 0 + 7 + (-12 - (-12 + -10 - -7))?
10
What is 3 - (-12 + 37 - 8)?
-14
5 + (3 - (10 + -6 + 2))
2
What is 24 + 7 + 2 + (4 - (2 - 2))?
37
Calculate 16 + (14 - 17 - 35).
-22
What is (-1 - -7) + -3 + 7 + -3 + -3?
4
Calculate -1 + -9 - (-60 + -6 - -40).
16
(-19 - 1) + -86 + 102
-4
Evaluate -2 + -7 - (-14 + 33 + -22).
-6
What is -17 - (-27 - (-21 - -11))?
0
-51 + (9 - -33) + -9
-18
Evaluate -11 + (9 - (21 - -13)) + 9.
-27
What is 8 - (2 + 3 - (25 + -27)) - 10?
-9
Calculate (-30 - -35) + 7 + -2.
10
Evaluate -17 + 6 - 11 - -4.
-18
What is the value of -7 - ((-38 - -33) + (1 - -2))?
-5
What is the value of -31 + 1 + -21 + (43 - 19 - 3)?
-30
What is 20 - (18 + 3) - 11?
-12
(6 + -5 - -22) + 21 + -21
23
0 - 13 - (689 + -719)
17
What is the value of 9 - (-6 + (8 - 3))?
10
Evaluate -1 - (-5 + 3 + 1 + -1) - -3.
4
What is the value of 19 - -7 - (10 + -12 - (1 + -2))?
27
What is the value of -1 + (0 - 0) - (-2 - -10) - -5?
-4
Calculate -23 + (12 - 24 - -52).
17
(6 - (-9 - -6)) + 0
9
What is 7 - ((2 - 2) + 9) - -4?
2
Evaluate -8 - -6 - -24 - 16.
6
What is -9 - (10 - (5 + (4 - -7)))?
-3
What is 1 + (24 + -1 - 9) + -4?
11
Evaluate 3 + 0 + 7 + 3 + -13.
0
Evaluate (-76 - -51) + 21 - (0 + 11 + 1).
-16
-3 + (3 + -4 + 6 - 5) + 1
-2
6 - (5 + 1 + -9)
9
Calculate -21 - (-6 + -8) - (-